{"id":35,"date":"2014-11-02T16:57:37","date_gmt":"2014-11-02T16:57:37","guid":{"rendered":"http:\/\/demowp.cththemes.com\/lotek\/?page_id=35"},"modified":"2018-03-06T16:11:59","modified_gmt":"2018-03-06T13:11:59","slug":"home-alternative1-2","status":"publish","type":"page","link":"https:\/\/artiotomat.com\/","title":{"rendered":"Home Alternative1"},"content":{"rendered":"<p>[vc_row layout=&#8221;intro_sec&#8221; ses_id=&#8221;intro&#8221; ses_class=&#8221;contain colorbg&#8221;][vc_column width=&#8221;1\/2&#8243; animation=&#8221;yes&#8221; effect=&#8221;bounceInDown&#8221; delay=&#8221;0.2s&#8221;][\/vc_column][vc_column width=&#8221;1\/2&#8243; animation=&#8221;yes&#8221; effect=&#8221;bounceInDown&#8221; delay=&#8221;0.6s&#8221;][\/vc_column][\/vc_row][vc_row layout=&#8221;pricing_sec&#8221; ses_id=&#8221;intro&#8221; ses_class=&#8221;contain colorbg&#8221; el_id=&#8221;hakkimizda&#8221;][vc_column width=&#8221;1\/2&#8243; animation=&#8221;yes&#8221; effect=&#8221;bounceInDown&#8221; delay=&#8221;0.2s&#8221;][vc_column_text]<\/p>\n<h3 class=\"headline\">Biz Kimiz?<\/h3>\n<p>Art\u0131 otomat 1979 y\u0131l\u0131nda kurulmu\u015f k\u00f6kl\u00fc bir kurulu\u015fun g\u00fcn\u00fcm\u00fcze uzanm\u0131\u015f kollar\u0131ndan bir tanesidir. Art\u0131 otomat Avrupa da kullan\u0131lan teknolojik en yeni cihazlar\u0131 T\u00fcrkiye piyasas\u0131na sunmay\u0131 hedef edinmi\u015ftir T\u00fcrkiye bu teknolojileri son g\u00f6ren \u00fclke de\u011fil ilk g\u00f6ren \u00fclkeler aras\u0131nda olmal\u0131 diye d\u00fc\u015f\u00fcnmektedir. Art\u0131 otomat tamamen insan memnuniyeti odakl\u0131d\u0131r \u00e7\u00fcnk\u00fc sekt\u00f6r\u00fcn\u00fcn hizmet oldu\u011funu hi\u00e7 bir zaman ikinci plana atmam\u0131\u015ft\u0131r.<\/p>\n<p>Art\u0131 otomat bu sekt\u00f6r\u00fcn zaaflar\u0131n\u0131 bilen insanlar\u0131n memnuniyetsizliklerini g\u00f6zlemleyip bu sorunlara kar\u015f\u0131 kendine son teknolojik cihazlar \u00fcrettirip T\u00fcrkiye piyasas\u0131na tecr\u00fcbeli bir giri\u015f yapm\u0131\u015f bulunmaktad\u0131r. Nesillerce art\u0131 otomat kendine yak\u0131\u015f\u0131r ad\u0131ndan s\u00f6z ettirecek cihazlar\u0131 hizmetinize sunmaya devam edecektir.<\/p>\n<p><a class=\"btn btn-default btn-lg btn-scroll\" href=\"#features\">\u0130leti\u015fim Bilgilerimiz<\/a>[\/vc_column_text][\/vc_column][vc_column width=&#8221;1\/2&#8243; animation=&#8221;yes&#8221; effect=&#8221;bounceInDown&#8221; delay=&#8221;0.6s&#8221;][vc_single_image image=&#8221;6098&#8243; img_size=&#8221;full&#8221; el_class=&#8221;img-responsive pull-right&#8221;][\/vc_column][\/vc_row][vc_row ses_title=&#8221;otomat&#8221; ses_icon=&#8221;thumbs-up&#8221; layout=&#8221;features_sec&#8221; ses_id=&#8221;features&#8221; ses_class=&#8221;contain darkbg&#8221; wrap_class=&#8221;features-body&#8221; el_id=&#8221;otomat&#8221;][vc_column width=&#8221;1\/4&#8243; animation=&#8221;yes&#8221; effect=&#8221;bounceInDown&#8221; delay=&#8221;0.4s&#8221; el_class=&#8221;features-box&#8221;][featurebox_link title=&#8221;Yiyecek &amp; i\u00e7ecek Otomatlar\u0131&#8221;]Model , dizayn ve yap\u0131s\u0131na g\u00f6re bir\u00e7ok \u00fcr\u00fcn\u00fc b\u00fcnyesinde bar\u0131nd\u0131rabilen bir otomat \u00e7e\u015fididir.Bakkal ve s\u00fcpermarket gibi yerlerde sat\u0131\u015f\u0131\u2026[\/featurebox_link][\/vc_column][vc_column width=&#8221;1\/4&#8243; animation=&#8221;yes&#8221; effect=&#8221;bounceInDown&#8221; delay=&#8221;0.6s&#8221; el_class=&#8221;features-box&#8221;][featurebox_link title=&#8221;So\u011fuk \u0130\u00e7ecek Otomatlar\u0131&#8221;]\u00d6zellikle gazl\u0131 ya da cam \u015fi\u015fede bulunan i\u00e7ecek gruplar\u0131 oldu\u011fu i\u00e7in asans\u00f6r ve robot kol sistemli otomatlar kullan\u0131lmaktad\u0131r.Bu sistemler sayesinde\u2026[\/featurebox_link][\/vc_column][vc_column width=&#8221;1\/4&#8243; animation=&#8221;yes&#8221; effect=&#8221;bounceInDown&#8221; delay=&#8221;0.8s&#8221; el_class=&#8221;features-box&#8221;][featurebox_link title=&#8221;S\u0131cak \u0130\u00e7ecek Otomatlar\u0131&#8221;]Set\u00fcst\u00fc modellerden standart otomat makinelerine kadar bir\u00e7ok model ve boyutlar\u0131 bulunmaktad\u0131r.\u00c7aydan espressoya , cappuccinodan\u2026[\/featurebox_link][\/vc_column][vc_column width=&#8221;1\/4&#8243; animation=&#8221;yes&#8221; effect=&#8221;bounceInDown&#8221; delay=&#8221;1s&#8221; el_class=&#8221;features-box&#8221;][featurebox_link title=&#8221;Sigara Otomatlar\u0131&#8221;]Sigara sat\u0131\u015f\u0131nda kullan\u0131ld\u0131\u011f\u0131 gibi , benzer boyutlarda paketlenmi\u015f \u00fcr\u00fcnler i\u00e7in de yayg\u0131n bir \u015fekilde kullan\u0131lmaktad\u0131r.(hediyelik e\u015fya gibi)Basit bir\u2026[\/featurebox_link][\/vc_column][\/vc_row][vc_row ses_title=&#8221;\u00c7\u00f6z\u00fcm Ortaklar\u0131m\u0131z&#8221; layout=&#8221;testimonials_sec&#8221; ses_id=&#8221;testimonials_sec&#8221; ses_class=&#8221;contain darkbg&#8221; fullwidth=&#8221;no&#8221; el_id=&#8221;testimonials_sec&#8221;][vc_column wap_class=&#8221;testimoni-wrapper&#8221;]<i class=\"fa fa-quote-left wow rotateIn\" data-wow-delay=\"0.4s\"><\/i>[testimonials_slider count=&#8221;10&#8243; animation=&#8221;yes&#8221; effect=&#8221;rotateInDownLeft&#8221; delay=&#8221;0.4s&#8221; ids=&#8221;166,164,68,67,69,70,3875,6015,6017,6019&#8243;][\/vc_column][\/vc_row][vc_row ses_title=&#8221;ARTI OTOMAT&#8221; layout=&#8221;features_sec&#8221;][vc_column][vc_gallery interval=&#8221;3&#8243; images=&#8221;6114,6113,6119,6120,6121,6122,6123,6131,6132,6133,6134,6135,6136,6137,6138,6139&#8243; img_size=&#8221;1900&#215;680&#8243;][\/vc_column][\/vc_row][vc_row ses_title=&#8221;Referanslar\u0131m\u0131z&#8221; layout=&#8221;blog_sec&#8221; ses_id=&#8221;blog&#8221; ses_class=&#8221;contain colorbg&#8221; fullwidth=&#8221;no&#8221;][vc_column wap_class=&#8221;blog-wrapper&#8221;]<i class=\"fa fa-pencil wow rotateIn\" data-wow-delay=\"0.4s\"><\/i>[testimonials_slider count=&#8221;8&#8243; animation=&#8221;yes&#8221; effect=&#8221;rotateInDownLeft&#8221; delay=&#8221;0.4s&#8221; ids=&#8221;6074,6076,6078,6080,6082,6084,6086,6088&#8243;][\/vc_column][\/vc_row][vc_row ses_title=&#8221;\u0130leti\u015fim&#8221; layout=&#8221;contact_sec&#8221; ses_id=&#8221;contact&#8221; ses_class=&#8221;contain colorbg&#8221; fullwidth=&#8221;no&#8221; el_id=&#8221;contact&#8221;][vc_column wap_class=&#8221;contact-wrapper&#8221;]<i class=\"fa fa-envelope wow rotateIn\" data-wow-delay=\"0.4s\"><\/i>\n<div class=\"wpcf7 no-js\" id=\"wpcf7-f128-o1\" lang=\"en-US\" dir=\"ltr\">\n<div class=\"screen-reader-response\"><p role=\"status\" aria-live=\"polite\" aria-atomic=\"true\"><\/p> <ul><\/ul><\/div>\n<form action=\"\/index.php?rest_route=%2Fwp%2Fv2%2Fpages%2F35#wpcf7-f128-o1\" method=\"post\" class=\"wpcf7-form init\" aria-label=\"Contact form\" novalidate=\"novalidate\" data-status=\"init\">\n<div style=\"display: none;\">\n<input type=\"hidden\" name=\"_wpcf7\" value=\"128\" \/>\n<input type=\"hidden\" name=\"_wpcf7_version\" value=\"5.7.6\" \/>\n<input type=\"hidden\" name=\"_wpcf7_locale\" value=\"en_US\" \/>\n<input type=\"hidden\" name=\"_wpcf7_unit_tag\" value=\"wpcf7-f128-o1\" \/>\n<input type=\"hidden\" name=\"_wpcf7_container_post\" value=\"0\" \/>\n<input type=\"hidden\" name=\"_wpcf7_posted_data_hash\" value=\"\" \/>\n<\/div>\n<div class=\"contact-body wow rotateInDownLeft\" data-wow-delay=\"0.4s\">\n\t<p><strong>Adres :<\/strong> \u00c7ene Suyu Cd. No:81 \u00c7\u0131narl\u0131 41900 Derince\/Kocaeli\n\t<\/p>\n\t<p><strong>Telefon :<\/strong> +90 (262) 229 39 48 - <strong>Mobil :<\/strong> +90 (532) 606 45 74 - <strong>Email :<\/strong> artiotomatsistemleri@gmail.com\n\t<\/p>\n\t<div class=\"clearfix\">\n\t<\/div>\n\t<div id=\"sendmessage\">\n\t\t<div class=\"alert alert-info marginbot35\">\n\t\t\t<p><button type=\"button\" class=\"close\" data-dismiss=\"alert\">&times;<\/button><br \/>\n<strong>Your message has been sent. Thank you!<\/strong>\n\t\t\t<\/p>\n\t\t<\/div>\n\t<\/div>\n\t<ul class=\"listForm cbp-so-section\">\n\t\t<li class=\"first-list cbp-so-side cbp-so-side-left\">\n\t\t\t<p><span class=\"wpcf7-form-control-wrap\" data-name=\"your-name\"><input size=\"40\" maxlength=\"4\" class=\"wpcf7-form-control wpcf7-text wpcf7-validates-as-required form-control input-name input-lg\" aria-required=\"true\" aria-invalid=\"false\" placeholder=\"\u0130sim Soyisim . . .\" value=\"\" type=\"text\" name=\"your-name\" \/><\/span>\n\t\t\t<\/p>\n\t\t<\/li>\n\t\t<li class=\"cbp-so-side cbp-so-side-right\">\n\t\t\t<p><span class=\"wpcf7-form-control-wrap\" data-name=\"your-email\"><input size=\"40\" class=\"wpcf7-form-control wpcf7-text wpcf7-email wpcf7-validates-as-required wpcf7-validates-as-email form-control input-email input-lg\" aria-required=\"true\" aria-invalid=\"false\" placeholder=\"Email adres . . .\" value=\"\" type=\"email\" name=\"your-email\" \/><\/span>\n\t\t\t<\/p>\n\t\t<\/li>\n\t\t<li class=\"full-list cbp-so-side cbp-so-side-bottom\">\n\t\t\t<p><span class=\"wpcf7-form-control-wrap\" data-name=\"your-message\"><textarea cols=\"40\" rows=\"9\" class=\"wpcf7-form-control wpcf7-textarea wpcf7-validates-as-required form-control input-message input-lg\" aria-required=\"true\" aria-invalid=\"false\" placeholder=\"Mesaj\u0131n\u0131z . .\" name=\"your-message\"><\/textarea><\/span>\n\t\t\t<\/p>\n\t\t<\/li>\n\t\t<li class=\"full-list text-center cbp-so-side cbp-so-side-bottom\">\n\t\t\t<p><input class=\"wpcf7-form-control has-spinner wpcf7-submit btn btn-default btn-lg\" type=\"submit\" value=\"G\u00d6NDER\" \/>\n\t\t\t<\/p>\n\t\t<\/li>\n\t<\/ul>\n<\/div><p style=\"display: none !important;\"><label>&#916;<textarea name=\"_wpcf7_ak_hp_textarea\" cols=\"45\" rows=\"8\" maxlength=\"100\"><\/textarea><\/label><input type=\"hidden\" id=\"ak_js_1\" name=\"_wpcf7_ak_js\" value=\"83\"\/><script>document.getElementById( \"ak_js_1\" ).setAttribute( \"value\", ( new Date() ).getTime() );<\/script><\/p><div class=\"wpcf7-response-output\" aria-hidden=\"true\"><\/div>\n<\/form>\n<\/div>\n[\/vc_column][\/vc_row]<\/p>\n","protected":false},"excerpt":{"rendered":"<p>[vc_row layout=&#8221;intro_sec&#8221; ses_id=&#8221;intro&#8221; ses_class=&#8221;contain colorbg&#8221;][vc_column width=&#8221;1\/2&#8243; animation=&#8221;yes&#8221; effect=&#8221;bounceInDown&#8221; delay=&#8221;0.2s&#8221;][\/vc_column][vc_column width=&#8221;1\/2&#8243; animation=&#8221;yes&#8221; effect=&#8221;bounceInDown&#8221; delay=&#8221;0.6s&#8221;][\/vc_column][\/vc_row][vc_row layout=&#8221;pricing_sec&#8221; ses_id=&#8221;intro&#8221; ses_class=&#8221;contain colorbg&#8221; el_id=&#8221;hakkimizda&#8221;][vc_column width=&#8221;1\/2&#8243; animation=&#8221;yes&#8221; effect=&#8221;bounceInDown&#8221; delay=&#8221;0.2s&#8221;][vc_column_text] Biz Kimiz? Art\u0131 otomat 1979 y\u0131l\u0131nda kurulmu\u015f k\u00f6kl\u00fc bir kurulu\u015fun g\u00fcn\u00fcm\u00fcze uzanm\u0131\u015f kollar\u0131ndan&#8230;<\/p>\n","protected":false},"author":1,"featured_media":0,"parent":0,"menu_order":0,"comment_status":"open","ping_status":"open","template":"homepage.php","meta":[],"_links":{"self":[{"href":"https:\/\/artiotomat.com\/index.php?rest_route=\/wp\/v2\/pages\/35"}],"collection":[{"href":"https:\/\/artiotomat.com\/index.php?rest_route=\/wp\/v2\/pages"}],"about":[{"href":"https:\/\/artiotomat.com\/index.php?rest_route=\/wp\/v2\/types\/page"}],"author":[{"embeddable":true,"href":"https:\/\/artiotomat.com\/index.php?rest_route=\/wp\/v2\/users\/1"}],"replies":[{"embeddable":true,"href":"https:\/\/artiotomat.com\/index.php?rest_route=%2Fwp%2Fv2%2Fcomments&post=35"}],"version-history":[{"count":79,"href":"https:\/\/artiotomat.com\/index.php?rest_route=\/wp\/v2\/pages\/35\/revisions"}],"predecessor-version":[{"id":6140,"href":"https:\/\/artiotomat.com\/index.php?rest_route=\/wp\/v2\/pages\/35\/revisions\/6140"}],"wp:attachment":[{"href":"https:\/\/artiotomat.com\/index.php?rest_route=%2Fwp%2Fv2%2Fmedia&parent=35"}],"curies":[{"name":"wp","href":"https:\/\/api.w.org\/{rel}","templated":true}]}}